m and 20?
10
Suppose 60 = 5*c - 5*p, 4*c - 2*p - 66 = -4*p. What is the highest common divisor of c and 135?
15
Suppose -12*y + 210 = -7*y. Let p(i) = 2*i. Let r be p(-5). Let b = -4 - r. What is the greatest common factor of y and b?
6
Let l = -20 - -25. What is the highest common divisor of 55 and l?
5
Suppose 2*t = -s + 232, 2*s - 3*t = t + 480. Suppose 2*c + 4*p = s, -c - 3*p = -2*c + 138. What is the greatest common factor of 14 and c?
14
Let r = 12 - 8. Suppose -2 = -b + r. Let p be (12/5)/((-6)/(-165)). Calculate the highest common divisor of p and b.
6
Let r be 2/4 + (-21)/(-6). Let v = -2 + r. Suppose 0 = -g + 3*g - v*f - 22, -g = -4*f - 23. What is the greatest common factor of g and 1?
1
Suppose 4*f = 4*z - 80, 2*z - f = 4*z - 52. Suppose 5*w - 2*x = 45, 3*x + x = 4*w - z. Calculate the highest common factor of 110 and w.
11
Let l = 29 + 7. Let u be (l/(-8))/((-3)/8). What is the highest common divisor of 96 and u?
12
Let d be -12*((-27)/6 + 1). Suppose 4*r + 44 = 3*t, 3 = -t + 2*r + 17. Let o = t - -12. Calculate the greatest common divisor of o and d.
14
Let u = -90 + 150. Calculate the greatest common divisor of u and 12.
12
Suppose -w + 4*z = -33, w + 4*z + 7 = -0. Let l = 77 + w. What is the highest common factor of l and 10?
10
Let m be (-33)/4 + 5/20. Let u = m - -22. Calculate the greatest common factor of u and 2.
2
Let c = 161 - 96. Calculate the greatest common factor of 13 and c.
13
Let h be (1698/12 + -5)*2. What is the highest common divisor of 21 and h?
21
Let p be 4/14 + (-57)/(-21). Suppose 5*f + k - 110 = 0, -2*f + p*k + 44 = -2*k. What is the highest common divisor of f and 55?
11
Suppose 5*y + 4*o = 275, 0 = -y + 5*o + 8 + 47. What is the greatest common divisor of y and 22?
11
Suppose o + 15 = 36. What is the greatest common divisor of o and 21?
21
Let l be 1*(-2 + 1)*-1. Let g(t) = -t**3 + 3*t**2 - 1. Let b be g(1). Let o = b + l. Calculate the greatest common factor of 18 and o.
2
Let p(h) = -h**3 - 7*h**2 + 7*h - 4. Let i be p(-8). Suppose -i*l + 114 - 42 = 0. Suppose 3*g = 125 + 145. What is the greatest common divisor of g and l?
18
Let s(w) = -3*w**2 + 2 - 3 - w**2 + 3*w**2 + 5*w. Let v be s(4). Suppose 5*o = -4*p + v, -4*p = p - 5*o - 15. Calculate the highest common factor of p and 6.
2
Let w(k) = 6*k**3 + k**2 + k - 1. Let z be w(1). Let t = z + -4. Suppose -8 = -t*j + 1. Calculate the greatest common factor of j and 3.
3
Let w be (2/(-1))/((-2)/21). Let r(m) = -2*m**2 - 17*m - 7. Let o be r(-7). What is the greatest common factor of w and o?
7
Let y(z) = 4*z - 9. Let k(f) = 3*f - 9. Let c(u) = 5*k(u) - 4*y(u). Let q be c(-4). Let v = 110 + q. Calculate the greatest common factor of v and 15.
15
Let c = -5 + 10. Let j(m) = 6*m**2. Let r be j(-1). Suppose 0 = 5*k + 5*d - 80, 2*k - r*k - 3*d + 63 = 0. What is the highest common divisor of k and c?
5
Let o(v) = -2*v**3 - 4*v**2 + v. Let a be o(-3). Let b be 4059/6 - (-15)/(-10). Let q be b/(-10)*(2 - 4). Calculate the highest common factor of q and a.
15
Let j(h) = h**2 + 2*h - 2. Let d be j(-4). Let x be 0 - 4/d*-3. Let i be x*(6/4 - -1). What is the greatest common divisor of 5 and i?
5
Let n be 3/(-18) + 49/42. What is the highest common divisor of 8 and n?
1
Let v(i) = 17*i - 3. Let f be v(4). Suppose -w + 4*q + 34 = 0, 3*q + 2 = -4. Calculate the highest common factor of f and w.
13
Suppose -5*h + 8 = 2*k - 6, 2*k = -4*h + 10. Let p be (-4 - -28) + 1*k. Calculate the highest common divisor of p and 84.
21
Suppose 6*v - 138 - 78 = 0. What is the greatest common divisor of 9 and v?
9
Let f be 1 + 54 - 6/(-24)*-12. Calculate the highest common factor of 39 and f.
13
Let t = 269 - -13. Suppose 3*z - 405 = -4*p, -3*z = -3*p + 2*z + t. What is the highest common divisor of p and 11?
11
Suppose -2*h = -4*n - 36, 5*h + 4*n + 14 = 160. Calculate the highest common divisor of 234 and h.
26
Suppose 52*v = 9*v + 301. Let i = -8 - -15. What is the greatest common divisor of v and i?
7
Let k(i) = -i**3 + 8*i**2 - 3*i + 2. Let z be k(7). What is the greatest common factor of 6 and z?
6
Let q = 148 - 139. What is the greatest common divisor of 1 and q?
1
Let n be 3 - (-12 + (-3 - -6)). Let z = n + -3. Let w(m) = 15*m**2 + 2*m - 2. Let f be w(-2). Calculate the greatest common factor of z and f.
9
Suppose u + 4 = 0, -79 = -5*t + 2*u + 209. What is the greatest common divisor of 21 and t?
7
Let i(n) = -3*n. Let h be i(-5). Suppose 2*v - h = 105. Calculate the highest common factor of 12 and v.
12
Suppose z + 1 = 3. Suppose t = z*u + 31, 4*t = 4*u + 45 + 71. Suppose 5*v - 2*i = 9, -3*v + 12 = 5*i - 12. Calculate the highest common factor of t and v.
3
Let u(f) = f**2 + 9*f + 14. Let z be u(-8). Calculate the highest common factor of z and 6.
6
Let p(k) = 9*k**3 - 2*k**2 - 2*k + 4. Let i be p(2). Calculate the greatest common divisor of 96 and i.
32
Suppose -4*s + 0*s = -4. Suppose s = i - 16. Calculate the greatest common divisor of i and 136.
17
Suppose k = 4*d - 52, -5*d + 44 = -d + k. What is the greatest common divisor of 18 and d?
6
Suppose 0 = -15*w + 20*w - 450. Calculate the greatest common divisor of w and 30.
30
Let a be -11*1/(-4 - -3). Calculate the greatest common divisor of a and 99.
11
Let g(m) = 3*m. Let q = 5 + -3. Suppose -q*x = -4*u - 4, -4*x - 10 = 4*u - 30. Let k be g(x). What is the highest common divisor of 60 and k?
12
Let m be (-8)/(4/120*-3). Calculate the greatest common factor of m and 32.
16
Suppose 2*h + z = 102, -2*h - 4*z = -3*h + 42. Suppose 4*c + 2*w - 30 = 0, 2*c - 2*w - 50 = -20. What is the greatest common factor of h and c?
10
Suppose 12 = 5*s - 38. Suppose -j + 29 = -5*o, 0 = -j - j + 8. Let b = s - o. Calculate the highest common divisor of b and 15.
15
Let z be (-693)/(-55) + (-3)/5. Suppose 15*r - z*r = 42. Calculate the greatest common divisor of 70 and r.
14
Let i = -14 - -18. What is the highest common factor of i and 2?
2
Suppose -4*g = 108 - 144. Calculate the highest common factor of g and 72.
9
Suppose 4*o = 16, 88 = 4*p - 0*o - 4*o. What is the highest common divisor of p and 130?
26
Suppose j - 19 + 11 = 0. Suppose -4*d = -5*v + 72, 5*v - 89 = d - 11. Calculate the highest common factor of v and j.
8
Let j = -5 + 3. Let s = 3 + j. Let g be (2 - 1) + 12/2. Calculate the highest common factor of s and g.
1
Suppose -20 = -d + 37. Suppose -4*l + 24 = 3*k + k, -4*k - d = -5*l. Calculate the greatest common divisor of l and 72.
9
Let s(o) = -o**3 - 7*o**2 - 2. Let b be s(-5). Let w = b + 76. Calculate the highest common factor of w and 8.
8
Suppose -3*r + 193 = -50. Suppose 0*j = 4*j - 36. What is the greatest common factor of j and r?
9
Let x(m) = 2*m**3 - 7*m**2 - 4. Let y be x(5). Let q = y - 107. Let j be ((-1)/3)/(3/q). Calculate the highest common divisor of 36 and j.
4
Suppose -107 = -3*c - 35. What is the greatest common factor of 24 and c?
24
Suppose -3*y - 2 = -32. Calculate the greatest common divisor of y and 110.
10
Let m be 4/12 + 71/3. Suppose 4*i + 4*l - m = 0, 4*l + 0*l - 27 = -5*i. Calculate the highest common divisor of i and 18.
3
Let t be ((-4)/6)/(4/(-6)). Suppose -16 = -g + l - t, 4*l + 12 = g. Let m be (g/(-12))/((-2)/21). What is the highest common divisor of m and 70?
14
Let q = 61 - 60. Let m = -2 + 5. What is the greatest common factor of q and m?
1
Let k = -8 - -32. Let z(i) = i**2 + 2*i - 2. Let t(g) = -g - 1. Let q(j) = 2*t(j) + z(j). Let o be q(4). Calculate the highest common factor of o and k.
12
Suppose -47 = 9*t - 281. Suppose 4*q - 78 = 2*q. What is the highest common factor of q and t?
13
Suppose -g = 4*g. Suppose -3*t - t - d + 21 = g, -4*t - 4*d + 36 = 0. What is the greatest common divisor of t and 32?
4
Suppose -3*n + 2*n = -5*d + 5, -d + 5*n + 25 = 0. Suppose d*v + 8 = v. What is the greatest common factor of v and 40?
8
Let z be 18*1/(-6)*-3. Let t be ((-2)/(-3))/(3/324). What is the greatest common divisor of z and t?
9
Suppose x + 15 = 4*x. Suppose -g = -4, -2*i + x*g + 63 = 19. Let a be -2 - i*(0 + -1). What is the greatest common factor of 12 and a?
6
Suppose 3*o - 1 = 5. Let c be 2 + 3/(-1) + o. Calculate the greatest common divisor of 5 and c.
1
Let b be ((-26)/4)/(9/(-90)). Suppose u + 16 - 119 = 2*x, -4*u - 2*x + 432 = 0. Let v be 9/(-12) - u/(-4). Calculate the greates